{"id":1115,"date":"2017-11-23T11:36:34","date_gmt":"2017-11-23T11:36:34","guid":{"rendered":"https:\/\/escolofigallery.com\/?post_type=product&#038;p=1115"},"modified":"2020-09-04T07:01:14","modified_gmt":"2020-09-04T07:01:14","slug":"gallerypack3libretas","status":"publish","type":"product","link":"https:\/\/escolofi.com\/store\/producto\/gallerypack3libretas\/","title":{"rendered":"Gallery Pack 3 libretas"},"content":{"rendered":"","protected":false},"excerpt":{"rendered":"<p class=\"p1\"><span style=\"font-size: 20px;\">Selecciona tus 3 libretas haciendo click sobre los diferentes dise\u00f1os. <\/span><\/p>\n<p class=\"p1\"><span style=\"font-size: 20px;\">Si quieres repetir alguno, solo tienes que hacer click dos veces sobre \u00e9l. Tu selecci\u00f3n aparecer\u00e1 en la fila superior donde ahora ves cuadros vac\u00edos. <\/span><\/p>\n<p class=\"p1\"><span style=\"font-size: 20px;\">Si quieres cambiar alg\u00fan dise\u00f1o, solo tienes que hacer click sobre el\u00a0 mismo, y ver\u00e1s que queda libre para que puedas poner otro. \u00bfEmpezamos?<\/span><\/p>\n<p class=\"prices\"><span class=\"woocommerce-Price-amount amount\"><del><span style=\"text-decoration: line-through; color: #999999;\"><span class=\"woocommerce-Price-amount amount barrato\" style=\"margin-right: 15px; line-height: 30px;\">29,85\u20ac<\/span><\/span><\/del>19.95\u00a0<span class=\"woocommerce-Price-currencySymbol\">\u20ac<\/span><\/span><\/p>\n","protected":false},"featured_media":3241,"comment_status":"open","ping_status":"closed","template":"","meta":[],"product_brand":[],"product_cat":[45,51,56],"product_tag":[],"class_list":{"0":"post-1115","1":"product","2":"type-product","3":"status-publish","4":"has-post-thumbnail","6":"product_cat-mosaic","7":"product_cat-packs","8":"product_cat-packs-oferta","10":"first","11":"instock","12":"taxable","13":"shipping-taxable","14":"purchasable","15":"product-type-wdm_bundle_product"},"yoast_head":"<!-- This site is optimized with the Yoast SEO plugin v27.5 - https:\/\/yoast.com\/product\/yoast-seo-wordpress\/ -->\n<title>Pack 3 libretas A5 papel rayado | Libretas Escolofi Gallery<\/title>\n<meta name=\"description\" content=\"Pack 3 libretas de Escolofi Gallery, escoge las 3 libretas que m\u00e1s te gusten y m\u00e1s se adapten a ti. Libretas A5 papel rayado.\" \/>\n<meta name=\"robots\" content=\"index, follow, max-snippet:-1, max-image-preview:large, max-video-preview:-1\" \/>\n<link rel=\"canonical\" href=\"https:\/\/escolofi.com\/store\/producto\/gallerypack3libretas\/\" \/>\n<meta property=\"og:locale\" content=\"es_ES\" \/>\n<meta property=\"og:type\" content=\"article\" \/>\n<meta property=\"og:title\" content=\"Pack 3 libretas A5 papel rayado | Libretas Escolofi Gallery\" \/>\n<meta property=\"og:description\" content=\"Pack 3 libretas de Escolofi Gallery, escoge las 3 libretas que m\u00e1s te gusten y m\u00e1s se adapten a ti. Libretas A5 papel rayado.\" \/>\n<meta property=\"og:url\" content=\"https:\/\/escolofi.com\/store\/producto\/gallerypack3libretas\/\" \/>\n<meta property=\"og:site_name\" content=\"Tienda Escolofi\" \/>\n<meta property=\"article:publisher\" content=\"https:\/\/www.facebook.com\/escolofi\" \/>\n<meta property=\"article:modified_time\" content=\"2020-09-04T07:01:14+00:00\" \/>\n<meta property=\"og:image\" content=\"https:\/\/escolofi.com\/store\/wp-content\/uploads\/2017\/11\/pack-mosaic.jpg\" \/>\n\t<meta property=\"og:image:width\" content=\"1000\" \/>\n\t<meta property=\"og:image:height\" content=\"1000\" \/>\n\t<meta property=\"og:image:type\" content=\"image\/jpeg\" \/>\n<meta name=\"twitter:card\" content=\"summary_large_image\" \/>\n<meta name=\"twitter:site\" content=\"@escolofi\" \/>\n<script type=\"application\/ld+json\" class=\"yoast-schema-graph\">{\"@context\":\"https:\\\/\\\/schema.org\",\"@graph\":[{\"@type\":\"WebPage\",\"@id\":\"https:\\\/\\\/escolofi.com\\\/store\\\/producto\\\/gallerypack3libretas\\\/\",\"url\":\"https:\\\/\\\/escolofi.com\\\/store\\\/producto\\\/gallerypack3libretas\\\/\",\"name\":\"Pack 3 libretas A5 papel rayado | Libretas Escolofi Gallery\",\"isPartOf\":{\"@id\":\"https:\\\/\\\/escolofi.com\\\/store\\\/#website\"},\"primaryImageOfPage\":{\"@id\":\"https:\\\/\\\/escolofi.com\\\/store\\\/producto\\\/gallerypack3libretas\\\/#primaryimage\"},\"image\":{\"@id\":\"https:\\\/\\\/escolofi.com\\\/store\\\/producto\\\/gallerypack3libretas\\\/#primaryimage\"},\"thumbnailUrl\":\"https:\\\/\\\/escolofi.com\\\/store\\\/wp-content\\\/uploads\\\/2017\\\/11\\\/pack-mosaic.jpg\",\"datePublished\":\"2017-11-23T11:36:34+00:00\",\"dateModified\":\"2020-09-04T07:01:14+00:00\",\"description\":\"Pack 3 libretas de Escolofi Gallery, escoge las 3 libretas que m\u00e1s te gusten y m\u00e1s se adapten a ti. Libretas A5 papel rayado.\",\"breadcrumb\":{\"@id\":\"https:\\\/\\\/escolofi.com\\\/store\\\/producto\\\/gallerypack3libretas\\\/#breadcrumb\"},\"inLanguage\":\"es\",\"potentialAction\":[{\"@type\":\"ReadAction\",\"target\":[\"https:\\\/\\\/escolofi.com\\\/store\\\/producto\\\/gallerypack3libretas\\\/\"]}]},{\"@type\":\"ImageObject\",\"inLanguage\":\"es\",\"@id\":\"https:\\\/\\\/escolofi.com\\\/store\\\/producto\\\/gallerypack3libretas\\\/#primaryimage\",\"url\":\"https:\\\/\\\/escolofi.com\\\/store\\\/wp-content\\\/uploads\\\/2017\\\/11\\\/pack-mosaic.jpg\",\"contentUrl\":\"https:\\\/\\\/escolofi.com\\\/store\\\/wp-content\\\/uploads\\\/2017\\\/11\\\/pack-mosaic.jpg\",\"width\":1000,\"height\":1000},{\"@type\":\"BreadcrumbList\",\"@id\":\"https:\\\/\\\/escolofi.com\\\/store\\\/producto\\\/gallerypack3libretas\\\/#breadcrumb\",\"itemListElement\":[{\"@type\":\"ListItem\",\"position\":1,\"name\":\"Portada\",\"item\":\"https:\\\/\\\/escolofi.com\\\/store\\\/\"},{\"@type\":\"ListItem\",\"position\":2,\"name\":\"Shop\",\"item\":\"https:\\\/\\\/escolofi.com\\\/store\\\/shop\\\/\"},{\"@type\":\"ListItem\",\"position\":3,\"name\":\"Gallery Pack 3 libretas\"}]},{\"@type\":\"WebSite\",\"@id\":\"https:\\\/\\\/escolofi.com\\\/store\\\/#website\",\"url\":\"https:\\\/\\\/escolofi.com\\\/store\\\/\",\"name\":\"Escolofi Gallery\",\"description\":\"\",\"publisher\":{\"@id\":\"https:\\\/\\\/escolofi.com\\\/store\\\/#organization\"},\"potentialAction\":[{\"@type\":\"SearchAction\",\"target\":{\"@type\":\"EntryPoint\",\"urlTemplate\":\"https:\\\/\\\/escolofi.com\\\/store\\\/?s={search_term_string}\"},\"query-input\":{\"@type\":\"PropertyValueSpecification\",\"valueRequired\":true,\"valueName\":\"search_term_string\"}}],\"inLanguage\":\"es\"},{\"@type\":\"Organization\",\"@id\":\"https:\\\/\\\/escolofi.com\\\/store\\\/#organization\",\"name\":\"Escolofi Gallery\",\"url\":\"https:\\\/\\\/escolofi.com\\\/store\\\/\",\"logo\":{\"@type\":\"ImageObject\",\"inLanguage\":\"es\",\"@id\":\"https:\\\/\\\/escolofi.com\\\/store\\\/#\\\/schema\\\/logo\\\/image\\\/\",\"url\":\"https:\\\/\\\/escolofi.com\\\/store\\\/wp-content\\\/uploads\\\/2019\\\/10\\\/Logo-EscoGallery.png\",\"contentUrl\":\"https:\\\/\\\/escolofi.com\\\/store\\\/wp-content\\\/uploads\\\/2019\\\/10\\\/Logo-EscoGallery.png\",\"width\":149,\"height\":75,\"caption\":\"Escolofi Gallery\"},\"image\":{\"@id\":\"https:\\\/\\\/escolofi.com\\\/store\\\/#\\\/schema\\\/logo\\\/image\\\/\"},\"sameAs\":[\"https:\\\/\\\/www.facebook.com\\\/escolofi\",\"https:\\\/\\\/x.com\\\/escolofi\",\"https:\\\/\\\/www.instagram.com\\\/escolofigallery\\\/\",\"https:\\\/\\\/www.youtube.com\\\/channel\\\/UCmyVeNxKyzFk7lL0oxHhVRw\"]}]}<\/script>\n<!-- \/ Yoast SEO plugin. -->","yoast_head_json":{"title":"Pack 3 libretas A5 papel rayado | Libretas Escolofi Gallery","description":"Pack 3 libretas de Escolofi Gallery, escoge las 3 libretas que m\u00e1s te gusten y m\u00e1s se adapten a ti. Libretas A5 papel rayado.","robots":{"index":"index","follow":"follow","max-snippet":"max-snippet:-1","max-image-preview":"max-image-preview:large","max-video-preview":"max-video-preview:-1"},"canonical":"https:\/\/escolofi.com\/store\/producto\/gallerypack3libretas\/","og_locale":"es_ES","og_type":"article","og_title":"Pack 3 libretas A5 papel rayado | Libretas Escolofi Gallery","og_description":"Pack 3 libretas de Escolofi Gallery, escoge las 3 libretas que m\u00e1s te gusten y m\u00e1s se adapten a ti. Libretas A5 papel rayado.","og_url":"https:\/\/escolofi.com\/store\/producto\/gallerypack3libretas\/","og_site_name":"Tienda Escolofi","article_publisher":"https:\/\/www.facebook.com\/escolofi","article_modified_time":"2020-09-04T07:01:14+00:00","og_image":[{"width":1000,"height":1000,"url":"https:\/\/escolofi.com\/store\/wp-content\/uploads\/2017\/11\/pack-mosaic.jpg","type":"image\/jpeg"}],"twitter_card":"summary_large_image","twitter_site":"@escolofi","schema":{"@context":"https:\/\/schema.org","@graph":[{"@type":"WebPage","@id":"https:\/\/escolofi.com\/store\/producto\/gallerypack3libretas\/","url":"https:\/\/escolofi.com\/store\/producto\/gallerypack3libretas\/","name":"Pack 3 libretas A5 papel rayado | Libretas Escolofi Gallery","isPartOf":{"@id":"https:\/\/escolofi.com\/store\/#website"},"primaryImageOfPage":{"@id":"https:\/\/escolofi.com\/store\/producto\/gallerypack3libretas\/#primaryimage"},"image":{"@id":"https:\/\/escolofi.com\/store\/producto\/gallerypack3libretas\/#primaryimage"},"thumbnailUrl":"https:\/\/escolofi.com\/store\/wp-content\/uploads\/2017\/11\/pack-mosaic.jpg","datePublished":"2017-11-23T11:36:34+00:00","dateModified":"2020-09-04T07:01:14+00:00","description":"Pack 3 libretas de Escolofi Gallery, escoge las 3 libretas que m\u00e1s te gusten y m\u00e1s se adapten a ti. Libretas A5 papel rayado.","breadcrumb":{"@id":"https:\/\/escolofi.com\/store\/producto\/gallerypack3libretas\/#breadcrumb"},"inLanguage":"es","potentialAction":[{"@type":"ReadAction","target":["https:\/\/escolofi.com\/store\/producto\/gallerypack3libretas\/"]}]},{"@type":"ImageObject","inLanguage":"es","@id":"https:\/\/escolofi.com\/store\/producto\/gallerypack3libretas\/#primaryimage","url":"https:\/\/escolofi.com\/store\/wp-content\/uploads\/2017\/11\/pack-mosaic.jpg","contentUrl":"https:\/\/escolofi.com\/store\/wp-content\/uploads\/2017\/11\/pack-mosaic.jpg","width":1000,"height":1000},{"@type":"BreadcrumbList","@id":"https:\/\/escolofi.com\/store\/producto\/gallerypack3libretas\/#breadcrumb","itemListElement":[{"@type":"ListItem","position":1,"name":"Portada","item":"https:\/\/escolofi.com\/store\/"},{"@type":"ListItem","position":2,"name":"Shop","item":"https:\/\/escolofi.com\/store\/shop\/"},{"@type":"ListItem","position":3,"name":"Gallery Pack 3 libretas"}]},{"@type":"WebSite","@id":"https:\/\/escolofi.com\/store\/#website","url":"https:\/\/escolofi.com\/store\/","name":"Escolofi Gallery","description":"","publisher":{"@id":"https:\/\/escolofi.com\/store\/#organization"},"potentialAction":[{"@type":"SearchAction","target":{"@type":"EntryPoint","urlTemplate":"https:\/\/escolofi.com\/store\/?s={search_term_string}"},"query-input":{"@type":"PropertyValueSpecification","valueRequired":true,"valueName":"search_term_string"}}],"inLanguage":"es"},{"@type":"Organization","@id":"https:\/\/escolofi.com\/store\/#organization","name":"Escolofi Gallery","url":"https:\/\/escolofi.com\/store\/","logo":{"@type":"ImageObject","inLanguage":"es","@id":"https:\/\/escolofi.com\/store\/#\/schema\/logo\/image\/","url":"https:\/\/escolofi.com\/store\/wp-content\/uploads\/2019\/10\/Logo-EscoGallery.png","contentUrl":"https:\/\/escolofi.com\/store\/wp-content\/uploads\/2019\/10\/Logo-EscoGallery.png","width":149,"height":75,"caption":"Escolofi Gallery"},"image":{"@id":"https:\/\/escolofi.com\/store\/#\/schema\/logo\/image\/"},"sameAs":["https:\/\/www.facebook.com\/escolofi","https:\/\/x.com\/escolofi","https:\/\/www.instagram.com\/escolofigallery\/","https:\/\/www.youtube.com\/channel\/UCmyVeNxKyzFk7lL0oxHhVRw"]}]}},"_links":{"self":[{"href":"https:\/\/escolofi.com\/store\/wp-json\/wp\/v2\/product\/1115","targetHints":{"allow":["GET"]}}],"collection":[{"href":"https:\/\/escolofi.com\/store\/wp-json\/wp\/v2\/product"}],"about":[{"href":"https:\/\/escolofi.com\/store\/wp-json\/wp\/v2\/types\/product"}],"replies":[{"embeddable":true,"href":"https:\/\/escolofi.com\/store\/wp-json\/wp\/v2\/comments?post=1115"}],"wp:featuredmedia":[{"embeddable":true,"href":"https:\/\/escolofi.com\/store\/wp-json\/wp\/v2\/media\/3241"}],"wp:attachment":[{"href":"https:\/\/escolofi.com\/store\/wp-json\/wp\/v2\/media?parent=1115"}],"wp:term":[{"taxonomy":"product_brand","embeddable":true,"href":"https:\/\/escolofi.com\/store\/wp-json\/wp\/v2\/product_brand?post=1115"},{"taxonomy":"product_cat","embeddable":true,"href":"https:\/\/escolofi.com\/store\/wp-json\/wp\/v2\/product_cat?post=1115"},{"taxonomy":"product_tag","embeddable":true,"href":"https:\/\/escolofi.com\/store\/wp-json\/wp\/v2\/product_tag?post=1115"}],"curies":[{"name":"wp","href":"https:\/\/api.w.org\/{rel}","templated":true}]}}